 m(p) = -5*p**3 - p + 1. Let o be m(j). Let d(b) = b. Let k(c) = 5*c. Let u(f) = 6*d(f) - k(f). Calculate u(o).
-5
Let b(s) = -7*s**3 - s + 10*s**3 + 2*s. Let o(d) = d**3 - 3*d**2 - 1. Let r = 1 + 2. Let u be o(r). Calculate b(u).
-4
Let u(s) = -3*s + 3*s + 3*s. Let b be -2*2/2 - 2. Let d = b - -3. Give u(d).
-3
Suppose -4*y - 60 = -0*y. Let b be (-37)/(-3) - 10/y. Let v(r) = -b*r - 1 + 12*r + 1. Give v(-4).
4
Let z(p) = -p**3 - 2*p**2. Suppose -6*o + 2*o + 8 = 0. Suppose -k = o*k - 6. Let g be (-2 + 3)/((-1)/k). What is z(g)?
0
Let n(h) = 3*h + 17. Let g(r) = -r - 4. Let v(k) = 9*g(k) + 2*n(k). Let u = -7 + 9. Calculate v(u).
-8
Let h(u) = u + 7 + 0*u - 9. What is h(5)?
3
Let g = 28 - 26. Suppose g = -2*p - 0. Let c(v) = 5*v**3 + 2*v**2 + 2*v + 1. Calculate c(p).
-4
Let b(k) = -k - 2. Let y(p) = 6*p + 9. Let h(n) = 11*b(n) + 2*y(n). Let x = -18 + 25. Suppose -5 = -5*s, -2*i + x = -s + 4*s. Determine h(i).
-2
Let u(q) = q**2 + 0*q + 9*q + 2*q + 11. Let l be u(-10). Let g(x) = -8*x - l + 6*x**2 + 9*x - x**2. What is g(1)?
5
Let z = -17 - -16. Let p(c) = -3 + 2*c + 2 + 2 + c**3. Calculate p(z).
-2
Let z(n) = n**3 + 3*n**2 + 7*n - 4. Let k(b) = -3*b**3 - 5*b**2 - 14*b + 8. Let p(d) = 2*k(d) + 5*z(d). Determine p(6).
2
Let w = -72 + 65. Let a(o) = o**2 + 6*o - 4. Calculate a(w).
3
Let o(x) be the first derivative of 5*x + 1/4*x**4 - 7/2*x**2 - x**3 - 2. What is o(4)?
-7
Let v(m) be the third derivative of -m**5/60 - m**4/24 + m**3/2 + m**2. Let j be (-100)/28 - (-9)/(-21). What is v(j)?
-9
Let f(l) be the second derivative of 3*l + 0*l**2 - 1/30*l**5 + 0*l**3 + 1/4*l**4 + 1/720*l**6 + 0. Let j(c) be the third derivative of f(c). Calculate j(2).
-2
Let j(p) = 14 - 6 - 2*p + 5*p - 2*p. Give j(-7).
1
Let c(n) = -n + 2. Suppose -l = 2*l - 36. Let w = 20 - l. Suppose 0 = -w*r + 3*r + 25. Calculate c(r).
-3
Let w(y) = -y**3 - 2*y + 1. Let n(f) = -f + 4. Let d be n(2). Determine w(d).
-11
Let u be 0 + -3 + (-7 - -4). Let s(h) = -h**3 - 5*h**2 + 5*h + 8. Give s(u).
14
Suppose 4*r + g = 105, -130 = -5*r + g + 8. Let v = 25 - r. Let l(u) = u**2 + 4*u. Determine l(v).
-4
Let g(h) = -2*h + 1. Let f be g(-4). Let s(i) = -32*i**2 + i + 13. Let x(r) = -8*r**2 + 3. Let w(q) = f*x(q) - 2*s(q). Calculate w(1).
-9
Let u = -20 - -25. Let v(l) = l**3 - 5*l**2 + l. Calculate v(u).
5
Let p(n) = -6*n + 4. Let q(r) = r. Suppose 10 = 5*k - 15. Let g(s) = k*q(s) + p(s). Calculate g(-5).
9
Let n be (-2)/((-24)/10) - 6/(-36). Let u(o) = 5*o + 1. Let r be u(1). Let g(j) = -2*j + r*j + 3*j. What is g(n)?
7
Let d(y) = 5*y**2 + 1. Let g be (2/(-2))/(1/(-2)). Let f = -1 + g. Let h = f - 2. Give d(h).
6
Let g = -6 - -11. Suppose -a + 2*a = 5. Let z(c) = 3*c**3 + a*c - 2*c**3 - c - 6*c**2 + 4. What is z(g)?
-1
Let m(y) = -10*y**2 - 11*y - 5. Let n(k) = 2*k**2 + 2*k + 1. Let i(j) = -2*m(j) - 11*n(j). Give i(1).
-3
Let o(a) = -3*a + 5. Let m be o(4). Let l = -3 - m. Let y(k) = k**2 - 3*k + 3. Calculate y(l).
7
Let i = 5 - 1. Let y be 2*((-10)/i)/5. Let p(s) = 5*s**2 - 2*s - 1. Calculate p(y).
6
Let b(r) = -r**2 - 6*r + 3. Let l be b(-7). Let t = l - -8. Suppose -t*z - 4*c + 36 = 0, 5*c - 12 - 9 = z. Let p(n) = n**3 - 3*n**2 - 2*n - 4. Calculate p(z).
4
Let g(t) = -28*t + 9*t + 18*t - 3. What is g(0)?
-3
Let r(p) = -2*p**2 + 23*p - 5. Let i(x) = x**2 - 12*x + 2. Let m(z) = 5*i(z) + 3*r(z). Determine m(9).
-5
Let h(s) = s**3 + 6*s**2 - 3*s + 1. Suppose 3*w - 3*g + 8 = -19, 3*g - 15 = w. Calculate h(w).
19
Suppose 2*a - 5*l = -3*a - 15, 3*l = 0. Let w(y) = y - 2. Calculate w(a).
-5
Let c(o) be the second derivative of o**4/12 - o**3/3 - o**2/2 - 3*o. Let b(i) = 5*i**2 - 7*i - 5. Let d(n) = 2*b(n) - 9*c(n). What is d(-5)?
4
Let w(j) = j**2 - j + 1. Let z(m) = -m**3 - 3*m**2 + 10*m - 7. Let x(a) = -5*w(a) - z(a). Calculate x(3).
-4
Let x = 9 - 13. Let y(d) = d**3 + 5*d**2 + 2*d. Give y(x).
8
Let i(k) be the third derivative of k**4/24 - k**3/3 - 10*k**2. Determine i(5).
3
Suppose 28 = 2*f - 5*x, -3*f - x = 2*f - 16. Let h(m) = 2*m - 6. Let c be h(f). Let t(u) = -4 + 4 - c + 1 + 4*u**3 + u. What is t(1)?
4
Let r(v) be the first derivative of v**3/3 - 10*v + 3. Determine r(0).
-10
Let v(y) = -2*y + 1. Let u be v(-2). Suppose u*p = 6 + 4. Let x(s) = -s + s**3 - 2*s**p - 1 + 4*s - 1. Determine x(2).
4
Let a(f) = -f + 6. Suppose 0 = 2*k - 0*k - 2. Let o be 2 - (k - 2) - -2. What is a(o)?
1
Let k(z) be the first derivative of -1/2*z**2 + 2*z + 2. Calculate k(6).
-4
Let z(j) be the first derivative of j**2/2 - 3*j + 15. What is z(-3)?
-6
Suppose 0 = -u - 2*r + 9, 0 = -5*u - 5*r - 2 + 27. Let f(n) = -9*n**3 - 2*n + 1. What is f(u)?
-10
Let t(q) = -q + 1. Let b(y) = -4*y + 4. Let p be (3 + (-9)/(-6))*2. Let w(s) = p*t(s) - 2*b(s). What is w(1)?
0
Let h(t) = -t**3 - 8*t**2 - 6*t + 7. Let p = -26 + 19. Calculate h(p).
0
Let x(b) = -6 + 5*b - 5*b + 3*b. Let w(d) = -d**3 - d**2 - d + 3. Let y be w(0). Suppose 0*h = 3*h + y*r - 15, 2*h - 3 = 5*r. Determine x(h).
6
Suppose 0*n - 5 = -5*n. Suppose -5*l - 5*h + h - 13 = 0, 5*l - 3*h - n = 0. Let y(t) = 2*t**3 + t**2 - 1. Calculate y(l).
-2
Let o(r) = r**2 - 159 + 74 + 74 + 5*r. Give o(-8).
13
Suppose 3*w + 11 = 5. Let l(t) = 2*t**2 - 2*t + 3. Let n(k) = -k**2 + k - 1. Let z(h) = -2*l(h) - 5*n(h). Calculate z(w).
5
Let d(y) be the first derivative of 3*y**2/2 - 3*y - 18. Suppose 3*u = -1 + 10. Give d(u).
6
Suppose 5*q + 2 + 8 = 5*t, t = -2*q - 13. Let p(s) be the second derivative of -3*s**2 - 1/3*s**3 + 0 - 4*s. Calculate p(q).
4
Let d(m) = 7*m**3 + 10*m**2 + 3*m + 11. Let z = 5 + -11. Let i(k) = -20*k**3 - 29*k**2 - 8*k - 32. Let s(w) = z*i(w) - 17*d(w). Let f = -9 - -4. Give s(f).
-5
Let n(g) = -1 - g**2 - 9*g + 12*g - 1. Let b(x) = 4*x**2 - 10*x + 5. Let d(m) = 2*b(m) + 7*n(m). Calculate d(0).
-4
Let v(a) = -5 - a**3 + 0*a**2 + a - 1 + 5*a**2. Let h(r) = -r**2 + 4*r - 6. Let p be h(3). Let t be (25/(-15))/(1/p). Determine v(t).
-1
Let k(u) = u**3 - 3*u**2 - 4*u + 6. Let v be k(4). Let c(o) = -o**3 + 6*o**2 - o - 8. Calculate c(v).
-14
Let h(n) = 2 + 9*n - 3*n**3 - 11*n + 4*n**2 - n. What is h(2)?
-12
Let r(u) = -6*u**3 + u**2. Suppose -4*d + g = 1, 3*d + 0*d + 15 = -4*g. Give r(d).
7
Let g(t) be the first derivative of -t**2 - t - 6. Calculate g(-3).
5
Suppose -2*t + 63 = -6*n + n, 2*t = -4*n + 18. Suppose m = 4*k - 1, -5*k + 4 = 2*m + t. Let y(z) = -z**3 - 5*z**2 + z + 3. What is y(m)?
-2
Let f(o) = -2*o**2 - 11*o - 3. Let h(i) = i**2 + 5*i + 2. Let t(k) = -4*f(k) - 7*h(k). Let q(u) be the first derivative of t(u). What is q(-6)?
-3
Let g be (1/1)/((-3)/(-12)). Let u(w) = 3 - 1 + w**2 - g*w - 1 - 2. Let h = -4 - -8. Give u(h).
-1
Let g(b) = 74*b**3 - b**2 - b**2 - 3 + 3*b - 73*b**3. What is g(2)?
3
Let g(r) = 3 - r**2 + 4*r + 0 - 4. Let t(s) = -s**2 - 15*s - 39. Let m be t(-11). Determine g(m).
-6
Let s(v) be the first derivative of v**2/2 - v + 9. Determine s(7).
6
Let b be -3 + -3 + 4 + -1. Let l(f) = f**3 + 4*f**2 + 5*f + 2. Calculate l(b).
-4
Let b be (5/(-15))/((-2)/6). Let w(x) = 7*x**2 - x. Let r be w(b). Let l(v) = 2 + v + 0*v - r. What is l(3)?
-1
Let r(u) = u**3 + 5*u**2 - 3*u + 8. Suppose -5*l + 24 = -2*n, 3*n + 26 = 3*l + 2*l. Let o be 20/(-3) - l/(-6). Determine r(o).
-10
Suppose 0 = 6*z - z - 45. Let f(c) = 2*c**3 + 13*c**2 - 3*c - z*c**2 - 3*c**3 - 1. Determine f(4).
-13
Let m(t) = 6*t + 2. Let c = 26 + -28. Give m(c).
-10
Suppose 2*f - 10 - 10 = 0. Let u be 8/f*(-60)/(-8). Let i(w) = 0 + w - u*w**2 + 0. Give i(1).
-5
Let o(t) = t**3 - 3*t**2 + t + 2. Let d be o(3). Let i(z) = -z + 12. What is i(d)?
7
Let x(m) = 9 + 9*m**2 + 2 - 2 + 5*m. Let i(t) be the second derivative of -5*t**4/12 - t**3/3 - 5*t**2/2 - 2*t. Let k(r) = 5*i(r) + 3*x(r). Calculate k(-3).
5
Suppose 0 = 4*i - 13 - 3. Suppose -4*j + i*w - 2 = 6, -2*j + 5*w - 10 = 0. Let u(r) = -r**2 - r - 4. Calculate u(j).
-4
Let c(l) be the third derivative of l**6/120 - l**5/20 + l**4/12 + l**3/3 - 8*l**2. Determine c(2).
2
Let d = -3 - -5. Let t(u) = 0*u**2 + 11*u - 1 - u**2 - 2*u + d. Let r be t(9). Let h(k) = -k**3 + k**2 + 1. Calculate h(r).
1
Let y(n) = n**3 - 6*n**2 - 8*n + 2. Let o be y(7). Let u(m) = -m**2 - 3*m - 6. Calculate u(o).
-16
Let z(s) = -6*s - 20 - 11*s**2 - 11 - 5*s**3 - 5*s**3. Let w(m) = -3*m**3 - 4*m**2 - 2*m - 10. Let i(r) = 7*w(r) - 2*z(r). Determine i(-6).